Calculate -63 + -25 + 18 + 26 + -17.
-61
(126 - 132 - (3 + -51 + 4)) + 2
40
Calculate 6 + -15 + 42 - (8 - -83).
-58
What is the value of (39 + -14 - -13) + 4 + (3 - 0)?
45
-8 + 81 + 24 + (9 - 21)
85
What is the value of -55 + (7 - (-25 + 13)) - -17?
-19
What is -27 + (-37 - -64) + -45?
-45
What is the value of -38 + (15 - -92) - -56?
125
Calculate 8 + (0 + -2 - (1 - (-30 + 17))).
-8
Calculate (-14 - 0) + (19 - 1 - (559 - 572)).
17
Evaluate -55 - (-64 + -55 + 47).
17
Evaluate 257 + -150 - (2 - 2).
107
What is 10 - -2 - (-15 - (-24 - -20))?
23
What is the value of -24 + (127 + -119 - (-22 + 8))?
-2
Evaluate (96 - 109) + 71 - -5.
63
(0 - -2) + -1 - (34 + -188 - -142)
13
What is the value of -4 - (4 + -8) - (-336 + 305)?
31
What is (40 + -10 + 11 - 32) + 44?
53
Calculate -3 + (-21 + 22 - 38).
-40
Evaluate (-7 - 10 - -4 - -11) + 5 - 81.
-78
Evaluate 58 - -49 - 101 - (-1 + 5).
2
Evaluate (-74 - -145 - 137) + 75.
9
What is (33 - -61) + -82 + 78?
90
Calculate -12 + -2 + (1 - (-1 + -11)) + 5.
4
-101 - (10 + (13 - 49))
-75
Evaluate (0 - 3 - -3) + -497 + 489.
-8
What is the value of 32 + (-10 - (10 - 17)) - 6?
23
68 + -1 + -15 + (-17 - -2 - (119 + -142))
60
What is the value of 226 - 124 - -37 - (-1 - -5 - -10)?
125
What is the value of 28 - (-9 + (-7 - -3) - (-17 + -18))?
6
What is the value of -24 + -14 + -12 + -15 + 10?
-55
9 + 1 + (-25 - (-30 - (-30 - 30)))
-45
What is the value of -4 - 3 - (-174 - -171)?
-4
What is -45 - (-59 + 25) - 42?
-53
Calculate (1 - 15) + -3 + 10 - (144 - 100).
-51
Calculate 110 + -78 + -26 - 75.
-69
What is the value of 33 - 1 - (2 - (21 + 3 + -39 - -6))?
21
What is -1 + (2 - -2) + -58 - (-53 - (118 - 175))?
-59
What is the value of -2 + 5 + -30 + -23 + 60 + -34?
-24
Calculate 7 - (12 - (1 - (13 - 4))) - (1 - 10).
-4
Calculate (-3 - (6 - (-19 + 30 - (0 + -2)))) + 41.
45
What is 1 + 29 + (121 - 112)?
39
What is (-3 - 2) + 7 + 13 + -50 + -33?
-68
Calculate (29 - (17 - -65)) + 44.
-9
Calculate 13 - (-3 - -28 - (0 - (6 + -16))) - 93.
-95
Calculate -7 - (-3 + 12 - 6) - 45 - 1.
-56
Calculate -117 + (74 - 5) - (-22 - -1).
-27
Calculate 11 - -1 - -7 - (32 + (11 - 24)).
0
Evaluate 233 + 81 + -197 + -40.
77
Evaluate 48 - -32 - (20 - -132).
-72
Calculate -58 + 53 + -22 + -10.
-37
(177 - (32 - -69)) + (7 - -2)
85
What is 5339 + -5372 + (-2 + 1 - -2)?
-32
-39 - (-39 + -25 + 27) - 47
-49
What is the value of (10578 - 10547) + (43 - (2 + 0))?
72
Evaluate (-6 - 20) + (11 + -18 + 6 - (6 - -1)).
-34
What is 60 + -24 - (-127 - -57)?
106
Evaluate 16 - (15 - 25 - -36) - 2.
-12
What is the value of 9 + -11 + (-7 - -15) + (-11 - -18)?
13
What is -3 + 107 + -1 + 1 + 1 + -64 + 51?
92
What is the value of 104 + -90 + -53 + 46?
7
170 - (43 + 154) - (122 + -1)
-148
Calculate (164 - 86) + -135 - 24.
-81
What is the value of 10 + 0 - (-21 + -55 + 81)?
5
Evaluate (139 - -1) + (-26 - (33 + -12 + (-48 - -14))).
127
Evaluate -30 - (-52 - (28 - 54)).
-4
-1 + 57 + (-25 - -88) + -69
50
What is (0 - 10) + (13 - (-19 - -15 - 5 - -15))?
-3
Calculate -93 + (6 - -72) - (-13 + 1).
-3
Evaluate (-104 - (-100 - 46)) + -54.
-12
What is (-7 - -5) + -19 + -2 + 34 + -9?
2
What is the value of -24 - -9 - (24 - 83 - 19)?
63
What is (-8 - (7 - 10) - -68) + -8 + (-7 - 0)?
48
(-8 - ((-192 - -128) + -16 + 1)) + -13
58
What is the value of -225 - -136 - (6 - (1 - (6 + -21)))?
-79
What is the value of (29 - -1) + (-13 - (-18 - -14))?
21
What is the value of (-4 - 62) + 25 + -7 + -30?
-78
Evaluate (9 + -3 - -76) + 39 + -56.
65
What is -7 + -2 - (15 + -145 + 140)?
-19
What is the value of -46 + -1 + (8 - 1 - (-19 + 59 + -28))?
-52
Calculate (-6 - -44) + (-20 - 11).
7
Evaluate (0 - -9) + (-3251 - -3286).
44
Evaluate (80 - (-10 + 8)) + -3 + 19 + -2.
96
What is 12 - (1 + -4 + 16) - -30 - (-5 + 3)?
31
What is -89 + 107 + 0 + -3 + -3 + -12 + 7?
7
What is the value of 0 - -21 - (82 - (52 - -74))?
65
What is the value of 46 + 2 - (16 + 34)?
-2
What is the value of 98 + -284 + (-4 - -136)?
-54
What is 58 - (-13 - -13 - -24)?
34
What is 53 + (14 - 28) + -84?
-45
What is (22 - (3 - 21 - (-13 + (-16 - -20)))) + 7?
38
-6 + (-4 - 4) - -16 - (-4 + -3)
9
What is -21 - 43 - (2 - 0) - (6 + -9 + -3)?
-60
Calculate -235 + (-157 - -429) - (14 + -1).
24
Evaluate (0 - 17 - (2 - (3 + 29 + -20))) + -20.
-27
What is the value of 3 + 117 + -1007 + 953?
66
What is (22 + -72 - 15) + (9 - (-2 - -5))?
-59
What is -44 + 4 + -1 + -34 + (65 - 42)?
-52
What is the value of 240 + -320 + (-7 - -1) - (-62 + 45)?
-69
6 + 11 + -2 - (40 - -2)
-27
Calculate (-114 - 104) + -28 - -115.
-131
What is the value of (8 - 25) + 9 - (-41 + 2 + -4) - -10?
45
(-10 - (-12 + -38 + 14)) + (-22 - -5)
9
Calculate (-128 - -135) + (9 + (8 - 8) + -8 - -48).
56
What is the value of 29 + (138 - 85) + -96?
-14
What is -7 + (-107 - -16 - -13) + -13 + 4 + 2?
-92
73 + -64 - ((-3 - -83) + -7 - 9)
-55
What is the value of -142 + (-9 - -25 - 4) + 1 - -11 - -1?
-117
What is the value of 4 + 3 + -12 - (-58 + -16 + (13 - 10))?
66
Evaluate (-4 - -30) + -69 + 6.
-37
What is the value of 26 + (-41 - (-20 - -81))?
-76
What is the value of (-912 - -899) + 60 + 2 + (-8 - -1)?
42
Evaluate -24 + (58 - 27 - -7).
14
Calculate 4 + 1 + -26 - (-10 + (34 - 29)).
-16
Evaluate (192 - (38 - (-26 - -14))) + 2 + -2 + 4.
146
Calculate -18 + 110 + (-22 - (26 - 17)).
61
Calculate (-766 - -783) + (3 - 1 - -45).
64
What is -33 + (25 - -59 - 46)?
5
-71 - (-41 + -19 - 50)
39
What is the value of (1 - -3) + (43 + -38 - -10)?
19
Evaluate -5 - (-5 + 2 + (-17 - -40) - 113).
88
What is 1 + 0 + (49 + -5 - (-10 - -11))?
44
4 + -1 - (123 + -54)
-66
141 + ((23 - 30) + 8 - 25)
117
Evaluate -43 - -30 - 26 - (7 - 0 - (-3 + 1)).
-48
Evaluate (1 - 58) + 517 + -468 + -3 + 1 + 2.
-8
6 + (11 - 8 - ((-16 - -4) + 7) - 12)
2
Calculate 10068 + -10055 - (0 + 44).
-31
(-10 - ((-179 - -206) + 0 + -10 + 0)) + -2
-29
What is (-1 - -57) + -4471 + 4386?
-29
Calculate -3 + (20 - -35 - (8 + -2 + -2 - -7)).
41
What is the value of -26 - (-18 - (30 - 61))?
-39
Evaluate (-2 - -22) + -16 + (-12 - -19) + 39.
50
What is 11 + 13 - (113 + -79)?
-10
-1127 - -1242 - (5 + 77)
33
What is the value of (28 - (-6 + -9)) + -2 + -10 + -2?
29
What is (-13 - (68 - -6 - -13)) + (54 - 36)?
-82
(4 - (-22 + (-22 - -39) + -10)) + -112
-93
-28 - (-2 - -22 - (30 - 19))
-37
What is -18 - (37 - -9 - 7) - ((-5 - -15) + 2)?
-69
83 + 2 + 61 + -86
60
Evaluate 106 + (-26 - -9) + 37.
126
Evaluate (-1 + 34 - 0 - 2) + 25 + -35 + 23.
44
Calculate (2 - 114) + 2599 + -2570.
-83
Calculate -1 + -25 + (-2125 - -2127) + -68.
-92
Calculate (-5079 - -5071) + (-1 + 88 - -2) + 0 + 2.
83
What is the value of 10 + (-13 - 53) + (2 - -15)?
-39
Calculate -7 + (4 - -15 - -3) + (-17 - -7) - 34.
-29
Evaluate 41 - (-32 + -17 + 1 + 14).
75
What is -2 + 1 - ((8 - (-10 - -2)) + -10 + -41)?
34
Calculate -5 - (3 - 17) - ((178 - 125) + (15 - 2)).
-57
Calculate -26 - (33 + (19 - 22 - 10)).
-46
Evaluate -6 + -2 + (0 + -12 - (18 + -67)) - -12.
41
Evaluate 7 - (201 + -215 + (47 + 0 - 3)).
-23
What is (5 - 20 - 0) + (-28 - (37 + -67))?
-13
What is the value of 73 + (-24 + 0 - (-62 + -24 + 84))?
51
What is the value of (147 - 10) + -143 - (0 - -38)?
-44
What is 37 - 121 - (82 + -61)?
-105
Evaluate (-9 - -19) + (19 - ((-82 - -7) + -20)).
124
Evaluate -19 + 1 + (-1624 - -1640) + 34.
32
What is the value of -18 + (1 - -18) + 53 + (-52 - -16)?
18
What is the value of 27 - (-10 - (-11 - -17 - 95))?
-52
1004 + -879 + (1 - 94)
32
What is -8 + (0 + 2 + -1 + 12 - (-1 - -8))?
-2
Evaluate 8 + (-37 - (-44 + 62)).
-47
Evaluate (121 + 18 - 162) + (4 - 2) + -9.
-30
What is 12 + -6 + (6 - 10) + (-902 - -805)?
-95
Evaluate (-31 - (-10 - -4 - 10)) + 93.
78
What is 49 - (0 - (31 - 31) - (-2 + 10))?
57
Evaluate (-53 - -60 - 52) + -6.
-51
Calculate (-75 - 3) + 7 - (47 - 70).
-48
What is the value of -6 + -35 + (-26 - 26) + 7?
-86
Evaluate (-89 - -54) + (346 - 166).
145
What is -3 + 14 - (-10 - 0 - -13 - 6) - -10?
24
What is -22 + 0 + (12 - 8) - -13?
-5
What is the value of 64 + 8 + -4 + (12 - 21) + 11?
70
What is (65 - 2) + (133 - 96) + -63?
37
Calculate 59 + 1 + -2 + (-3 - 0) + (686 - 683).
58
Calculate -1 + (-1 - 0 - 87) + -30 + (23 - -12).
-84
What is the value of 47 + -2 - (-13 - (-27 + 13 + 6))?
50
Calculate (-21 - (-12 - -16)) + 80 + 6.
61
Calculate 1 + (-12 - 3) + (-76 - -119) + -52.
